{"id":1542,"date":"2026-02-24T15:16:15","date_gmt":"2026-02-24T14:16:15","guid":{"rendered":"https:\/\/lubielegnice.pl\/?post_type=product&#038;p=1542"},"modified":"2026-02-24T15:16:15","modified_gmt":"2026-02-24T14:16:15","slug":"kubek-kontur-miasta-napis-legnica","status":"publish","type":"product","link":"https:\/\/lubielegnice.pl\/index.php\/product\/kubek-kontur-miasta-napis-legnica\/","title":{"rendered":"Kubek Kontur miasta + napis \u201eLegnica\u201d"},"content":{"rendered":"<p data-start=\"1667\" data-end=\"1909\">Nowoczesna, minimalistyczna grafika przedstawiaj\u0105ca kontur administracyjny miasta <strong data-start=\"1749\" data-end=\"1790\"><span class=\"hover:entity-accent entity-underline inline cursor-pointer align-baseline\"><span class=\"whitespace-normal\">Legnica<\/span><\/span><\/strong> z wyra\u017anym napisem \u201eLegnica\u201d. Projekt oparty na czystej, czarnej linii podkre\u015bla geometryczny charakter granic miasta.<\/p>\n<p data-start=\"1911\" data-end=\"2081\">To propozycja dla os\u00f3b ceni\u0105cych prostot\u0119, design i lokaln\u0105 identyfikacj\u0119 w subtelnej formie. \u015awietnie sprawdzi si\u0119 jako codzienny kubek \u201ez miasta\u201d, pami\u0105tka lub prezent.<\/p>\n<p data-start=\"2083\" data-end=\"2102\"><strong data-start=\"2083\" data-end=\"2102\">Cechy produktu:<\/strong><\/p>\n<ul data-start=\"2103\" data-end=\"2243\">\n<li data-start=\"2103\" data-end=\"2136\">\n<p data-start=\"2105\" data-end=\"2136\">minimalistyczny kontur miasta<\/p>\n<\/li>\n<li data-start=\"2137\" data-end=\"2167\">\n<p data-start=\"2139\" data-end=\"2167\">nowoczesny, czytelny napis<\/p>\n<\/li>\n<li data-start=\"2168\" data-end=\"2194\">\n<p data-start=\"2170\" data-end=\"2194\">czarna grafika bez t\u0142a<\/p>\n<\/li>\n<li data-start=\"2195\" data-end=\"2243\">\n<p data-start=\"2197\" data-end=\"2243\">uniwersalny styl pasuj\u0105cy do ka\u017cdego wn\u0119trza<\/p>\n<\/li>\n<\/ul>\n<p data-start=\"2245\" data-end=\"2302\">Minimalizm, kt\u00f3ry m\u00f3wi wi\u0119cej ni\u017c rozbudowana ilustracja.<\/p>\n","protected":false},"excerpt":{"rendered":"<p>Nowoczesna, minimalistyczna grafika przedstawiaj\u0105ca kontur administracyjny miasta Legnica z wyra\u017anym napisem \u201eLegnica\u201d. Projekt oparty na czystej, czarnej linii podkre\u015bla geometryczny charakter granic miasta. To propozycja dla os\u00f3b ceni\u0105cych prostot\u0119, design<\/p>\n","protected":false},"featured_media":1543,"comment_status":"open","ping_status":"closed","template":"","meta":{"_eb_attr":""},"product_brand":[],"product_cat":[46],"product_tag":[],"class_list":{"0":"post-1542","1":"product","2":"type-product","3":"status-publish","4":"has-post-thumbnail","6":"product_cat-gadzety","8":"first","9":"instock","10":"shipping-taxable","11":"purchasable","12":"product-type-simple"},"_links":{"self":[{"href":"https:\/\/lubielegnice.pl\/index.php\/wp-json\/wp\/v2\/product\/1542","targetHints":{"allow":["GET"]}}],"collection":[{"href":"https:\/\/lubielegnice.pl\/index.php\/wp-json\/wp\/v2\/product"}],"about":[{"href":"https:\/\/lubielegnice.pl\/index.php\/wp-json\/wp\/v2\/types\/product"}],"replies":[{"embeddable":true,"href":"https:\/\/lubielegnice.pl\/index.php\/wp-json\/wp\/v2\/comments?post=1542"}],"wp:featuredmedia":[{"embeddable":true,"href":"https:\/\/lubielegnice.pl\/index.php\/wp-json\/wp\/v2\/media\/1543"}],"wp:attachment":[{"href":"https:\/\/lubielegnice.pl\/index.php\/wp-json\/wp\/v2\/media?parent=1542"}],"wp:term":[{"taxonomy":"product_brand","embeddable":true,"href":"https:\/\/lubielegnice.pl\/index.php\/wp-json\/wp\/v2\/product_brand?post=1542"},{"taxonomy":"product_cat","embeddable":true,"href":"https:\/\/lubielegnice.pl\/index.php\/wp-json\/wp\/v2\/product_cat?post=1542"},{"taxonomy":"product_tag","embeddable":true,"href":"https:\/\/lubielegnice.pl\/index.php\/wp-json\/wp\/v2\/product_tag?post=1542"}],"curies":[{"name":"wp","href":"https:\/\/api.w.org\/{rel}","templated":true}]}}