{"id":1544,"date":"2026-02-24T15:17:08","date_gmt":"2026-02-24T14:17:08","guid":{"rendered":"https:\/\/lubielegnice.pl\/?post_type=product&#038;p=1544"},"modified":"2026-02-24T15:17:54","modified_gmt":"2026-02-24T14:17:54","slug":"kubek-panorama-legnicy","status":"publish","type":"product","link":"https:\/\/lubielegnice.pl\/index.php\/product\/kubek-panorama-legnicy\/","title":{"rendered":"Kubek Panorama Legnicy"},"content":{"rendered":"<p data-start=\"2358\" data-end=\"2621\">Czarna, wektorowa panorama przedstawiaj\u0105ca najbardziej charakterystyczne elementy architektury miasta, m.in. <strong data-start=\"2467\" data-end=\"2508\"><span class=\"hover:entity-accent entity-underline inline cursor-pointer align-baseline\"><span class=\"whitespace-normal\">Zamek Piastowski<\/span><\/span><\/strong> oraz <strong data-start=\"2514\" data-end=\"2555\"><span class=\"hover:entity-accent entity-underline inline cursor-pointer align-baseline\"><span class=\"whitespace-normal\">Fontanna z Neptunem<\/span><\/span><\/strong>. Kompozycja tworzy sp\u00f3jn\u0105, eleganck\u0105 lini\u0119 miejskiego krajobrazu.<\/p>\n<p data-start=\"2623\" data-end=\"2802\">Projekt zachowuje r\u00f3wnowag\u0119 mi\u0119dzy detalem a prostot\u0105 \u2013 budynki s\u0105 czytelne, ale utrzymane w minimalistycznym stylu, dzi\u0119ki czemu grafika prezentuje si\u0119 estetycznie i nowocze\u015bnie.<\/p>\n<p data-start=\"2804\" data-end=\"2823\"><strong data-start=\"2804\" data-end=\"2823\">Cechy produktu:<\/strong><\/p>\n<ul data-start=\"2824\" data-end=\"2958\">\n<li data-start=\"2824\" data-end=\"2858\">\n<p data-start=\"2826\" data-end=\"2858\">panoramiczna kompozycja miasta<\/p>\n<\/li>\n<li data-start=\"2859\" data-end=\"2885\">\n<p data-start=\"2861\" data-end=\"2885\">czarna grafika liniowa<\/p>\n<\/li>\n<li data-start=\"2886\" data-end=\"2919\">\n<p data-start=\"2888\" data-end=\"2919\">brak t\u0142a \u2013 idealna pod nadruk<\/p>\n<\/li>\n<li data-start=\"2920\" data-end=\"2958\">\n<p data-start=\"2922\" data-end=\"2958\">nowoczesny, ponadczasowy charakter<\/p>\n<\/li>\n<\/ul>\n<p data-start=\"2960\" data-end=\"3052\">Idealna propozycja dla os\u00f3b dumnych ze swojego miasta i ceni\u0105cych estetyk\u0119 \u201eurban line art\u201d.<\/p>\n","protected":false},"excerpt":{"rendered":"<p>Czarna, wektorowa panorama przedstawiaj\u0105ca najbardziej charakterystyczne elementy architektury miasta, m.in. Zamek Piastowski oraz Fontanna z Neptunem. Kompozycja tworzy sp\u00f3jn\u0105, eleganck\u0105 lini\u0119 miejskiego krajobrazu. Projekt zachowuje r\u00f3wnowag\u0119 mi\u0119dzy detalem a prostot\u0105<\/p>\n","protected":false},"featured_media":1545,"comment_status":"open","ping_status":"closed","template":"","meta":{"_eb_attr":""},"product_brand":[],"product_cat":[46],"product_tag":[],"class_list":{"0":"post-1544","1":"product","2":"type-product","3":"status-publish","4":"has-post-thumbnail","6":"product_cat-gadzety","8":"first","9":"instock","10":"shipping-taxable","11":"purchasable","12":"product-type-simple"},"_links":{"self":[{"href":"https:\/\/lubielegnice.pl\/index.php\/wp-json\/wp\/v2\/product\/1544","targetHints":{"allow":["GET"]}}],"collection":[{"href":"https:\/\/lubielegnice.pl\/index.php\/wp-json\/wp\/v2\/product"}],"about":[{"href":"https:\/\/lubielegnice.pl\/index.php\/wp-json\/wp\/v2\/types\/product"}],"replies":[{"embeddable":true,"href":"https:\/\/lubielegnice.pl\/index.php\/wp-json\/wp\/v2\/comments?post=1544"}],"wp:featuredmedia":[{"embeddable":true,"href":"https:\/\/lubielegnice.pl\/index.php\/wp-json\/wp\/v2\/media\/1545"}],"wp:attachment":[{"href":"https:\/\/lubielegnice.pl\/index.php\/wp-json\/wp\/v2\/media?parent=1544"}],"wp:term":[{"taxonomy":"product_brand","embeddable":true,"href":"https:\/\/lubielegnice.pl\/index.php\/wp-json\/wp\/v2\/product_brand?post=1544"},{"taxonomy":"product_cat","embeddable":true,"href":"https:\/\/lubielegnice.pl\/index.php\/wp-json\/wp\/v2\/product_cat?post=1544"},{"taxonomy":"product_tag","embeddable":true,"href":"https:\/\/lubielegnice.pl\/index.php\/wp-json\/wp\/v2\/product_tag?post=1544"}],"curies":[{"name":"wp","href":"https:\/\/api.w.org\/{rel}","templated":true}]}}